*y. What is the greatest common divisor of 553 and h?
79
Let o(z) = 12*z**2 + 49*z - 9. Let w be o(-9). Calculate the highest common divisor of w and 18.
18
Let b be ((-22)/44)/(2/(-168)). Calculate the greatest common factor of 1442 and b.
14
Let t(p) = -p**3 + 4*p**2 + 9*p + 4. Let j be t(6). Let y = 19 + j. What is the highest common factor of y and 1?
1
Let b = -67 - -209. Suppose 320 = 6*r - b. What is the highest common factor of 7 and r?
7
Let t(p) = -4*p - 1. Let c be t(-8). Suppose b = c - 9. Calculate the highest common divisor of 198 and b.
22
Let g be (-14)/112 + 462/(-16). Let l = -18 - g. Calculate the highest common factor of 77 and l.
11
Let b = -214 - -318. Suppose 0 = 5*i - 31 - b. What is the highest common divisor of 36 and i?
9
Suppose -3*c = -c - 12. Let h(b) = b - 4. Let l be h(c). Suppose l*j + j - 6 = 0. Calculate the greatest common divisor of j and 6.
2
Suppose -216 = -5*j - d + 2*d, -3 = 3*d. Suppose 5*a = 2*m + 305, -j = -2*a - 3*m + 98. What is the greatest common divisor of 7 and a?
7
Suppose -320 = -10*q + 940. What is the greatest common factor of 56 and q?
14
Suppose 0 = 2*v + 3*v - 30. Let f = -8 + v. Let w be (-952)/(-70) - f/5. What is the highest common factor of w and 28?
14
Let j be ((-9)/6)/((-13)/130). Calculate the highest common divisor of j and 915.
15
Let n(g) be the third derivative of 5*g**4/24 - g**3/2 + 4*g**2. Let k be n(3). Let u = k + 4. What is the highest common divisor of u and 2?
2
Let p be -2*26/4*3. Let d(u) = 51*u**3 + u - 3. Let m be d(1). Let c = p + m. What is the greatest common factor of c and 4?
2
Let r = -71 - -81. Let g(n) = -39*n + 1. Let o be g(-1). Calculate the greatest common divisor of r and o.
10
Let w = 2452 + -2172. What is the greatest common divisor of w and 245?
35
Suppose -5*z - 3*y = -80, 40 = 5*z + 2*y - 7*y. What is the greatest common factor of 1 and z?
1
Let x = 3 - -1. Suppose -3*f - x*n + 3 = -9*n, 3*n - 9 = 0. Let i be f - (-1 + (2 - 3)). Calculate the greatest common factor of 2 and i.
2
Let k(g) = g**3 + 9*g**2 + 6*g + 54. Let c be k(-8). What is the highest common divisor of 84 and c?
14
Let p = 256 - 205. What is the highest common factor of p and 238?
17
Let y = -1401 - -1897. What is the greatest common divisor of y and 48?
16
Let o = 38 + 513. What is the highest common divisor of 19 and o?
19
Let s be 28/5 - (-14)/35. Suppose k = 3*g - s*g + 9, 0 = k - g - 25. Calculate the highest common factor of k and 7.
7
Suppose 10*a = 5*a. Suppose 5*q + a*h - h = 100, -60 = -3*q + 4*h. Calculate the greatest common divisor of 4 and q.
4
Let p be (137 - -6) + -3*(-1)/3. What is the highest common divisor of p and 522?
18
Let n(q) = -2*q + 8. Let h be n(0). Suppose -3*d - 30 = -h*d. Let c be 8/d*(-9)/(-6). Calculate the greatest common factor of c and 4.
2
Let r be (-56)/40 - 4122/(-30). What is the greatest common factor of r and 17?
17
Let f(g) = -3*g**3 - g**2 - g. Let a be f(-1). Let l be a/2*(-32)/(-12). Let t be ((-27)/l)/(2/(-16)). Calculate the highest common divisor of 6 and t.
6
Suppose -3*h - 10 = 2*d - 44, 4*d = -4*h + 44. Let q be (-4)/6*h/8 - -47. What is the highest common factor of q and 23?
23
Let c = -393 + 415. Calculate the greatest common divisor of c and 2.
2
Suppose 5*f - 4*q - 277 = 0, 4*f + 21*q = 24*q + 221. Calculate the greatest common divisor of 1219 and f.
53
Let w be (-18)/99 + 202/22. Suppose -i + 1 = -a + 3*a, 0 = 4*i + 3*a - w. Let q be (i + (-1 - -54))*1. What is the greatest common factor of 7 and q?
7
Suppose 2*u + 5 = -y - 0*y, -3*u = -y + 20. Let o be -4*((-76)/20)/(4/y). Calculate the greatest common factor of o and 209.
19
Let q be (-153)/(-9)*81/3. What is the greatest common factor of q and 34?
17
Suppose 0 = 4*n + 27*n - 1209. What is the greatest common factor of n and 65?
13
Let i(a) = 7*a - 39. Suppose 2*m - 22 = -0*m. Let b be i(m). Calculate the highest common factor of b and 95.
19
Suppose 4*h - 204 = -4*j, -5*h = 2*j - 136 - 104. Let b be 48 - (-2)/(-1)*1. What is the highest common factor of b and h?
46
Let q be 2/1 + -6 + -2. Let a be (q + -2)/((-6)/3). Suppose -2*s + j + 108 = -248, -5*j - 724 = -a*s. What is the highest common divisor of s and 16?
16
Let p(a) = -a**2 - 10*a - 3. Let w be p(-9). Let x be ((-174)/(-24) - w)*(44 + 0). What is the greatest common divisor of x and 5?
5
Let h(v) = 7*v**2 - 13*v + 61. Let i be h(8). What is the highest common factor of i and 15?
15
Let b = -557 - -580. Calculate the highest common factor of 253 and b.
23
Let a(x) = x**2 + 7*x + 20. Let i be a(-9). Calculate the greatest common divisor of 171 and i.
19
Let g = 3 - -13. Suppose 485*p - 481*p - 724 = -5*t, 156 = p - 5*t. Calculate the highest common factor of p and g.
16
Let j be 4 - (4 - 4/8)*-2. Let v be ((-33)/12)/j - 225/(-4). What is the greatest common factor of v and 84?
28
Suppose -76 = 4*h - 6*h. Suppose 0 = -3*a + 5*a - h. What is the highest common divisor of a and 152?
19
Suppose -26 = -j - 5*z, -41*j - 5*z = -44*j - 22. Suppose 5*f = -0*f + 20. What is the greatest common divisor of f and j?
1
Let h(j) = 22*j**2 + 29*j - 70. Let a be h(6). What is the highest common factor of a and 320?
64
Let d be -4 + (-12)/4 + 20 + 65. What is the highest common factor of d and 117?
39
Suppose 0 = 14*c - 12*c - 836. Calculate the highest common divisor of c and 38.
38
Suppose -24 = 3*j - 90. Suppose 10*m + 1650 = 40*m. Calculate the highest common divisor of j and m.
11
Let m(s) be the second derivative of -13*s**5/4 - s**4/12 - 6*s. Let g be m(-1). Suppose v - 190 = -g. Calculate the highest common divisor of v and 14.
14
Suppose 2*a - 3*u = 81, u + 0*u + 1 = 0. Suppose 0 = -2*g + 72 + 396. What is the highest common factor of a and g?
39
Suppose d + 60 = -4*w, -3*w - 142 = 5*d + 73. Let a be 36/(-24)*d/6. What is the greatest common factor of a and 50?
10
Let z be -12*14/(-196) + (-324)/(-14). Calculate the greatest common factor of z and 432.
24
Let f(d) = -d**3 - 4*d**2 - 2*d - 3. Suppose 7*l + 1 = -27. Let i be f(l). Suppose -8*h + 63 = -i*h. What is the greatest common divisor of h and 14?
7
Let g = 3 - 0. Suppose -b + 99 = 2*r - 39, -r - 5*b = -60. Suppose g*x - r = -2*x. Calculate the greatest common factor of 2 and x.
2
Let t(g) = 3*g + g**3 - 1 + 4*g**2 + g**2 - g. Let p be t(-4). Let n be 4/(-3 + p)*35. Calculate the highest common divisor of n and 7.
7
Let j = -220 + 272. Calculate the greatest common factor of j and 4.
4
Let a be -86*4/(-8) - 3*1. Let c = a - 24. What is the greatest common divisor of 4 and c?
4
Let r = -378 + 465. What is the greatest common factor of r and 6?
3
Let g = 117 - 106. What is the greatest common divisor of 7 and g?
1
Suppose 40 = -4*z + 252. Suppose 4*s = 43 + z. What is the greatest common factor of 16 and s?
8
Suppose 1568 + 672 = 32*t. What is the highest common factor of t and 14?
14
Suppose f - 4 = 3*r, 2*f = -2*f - r + 16. Suppose 0 = -5*k - 2*u + 137, -f*k - u = -0*u - 112. What is the highest common divisor of k and 174?
29
Let w = 399 + -379. Let y(c) = 5*c**2 + c + 2. Let l be y(-2). What is the highest common factor of l and w?
20
Suppose -2*k + 2*g = -80, -k + 140 = 3*k + g. Let h = k + -61. Let j = h + 26. Calculate the greatest common factor of j and 1.
1
Let z be 92/(-69)*102/8*-2. Calculate the greatest common factor of 14 and z.
2
Suppose 90 + 30 = -5*r. Let n be (r/7)/(2/(-14)). Calculate the greatest common factor of 120 and n.
24
Let l be 6*1 + 3/(-3)*2. Suppose 4*n - 2*b - 98 = 0, -n + b = -l*b - 20. What is the greatest common factor of 10 and n?
5
Suppose -2*v + 54 = 4*v. Suppose -5*r = 5*a - 10, -4*r - 11 = -3*a + v. Suppose -a*j + 61 = -59. Calculate the highest common factor of j and 15.
15
Let w be (-20)/50 + 16/(-10). Let y be (-3)/(-6)*(-40)/w. What is the highest common divisor of y and 80?
10
Let t = -1711 - -1725. Calculate the highest common divisor of 994 and t.
14
Let b(l) = -20*l + 35. Let j(i) = -i. Let w(d) = -b(d) + 15*j(d). Let r be w(8). What is the highest common divisor of r and 115?
5
Let u(q) = -2*q**3 - 84*q**2 - 82*q + 26. Let i be u(-41). Calculate the greatest common divisor of 26 and i.
26
Suppose -c = -z - 43, 7*c - 46 = 6*c + 4*z. Calculate the highest common factor of c and 462.
42
Let b(s) = -5*s**2 - 3*s + 5. Let a 